 + 19710 = 57*q. What is the units digit of q?
1
Let o = -36 + 598. What is the hundreds digit of o?
5
Let r = 46 - 42. Suppose -q + r = -9. What is the units digit of q?
3
Suppose 5*a - 2 = 4*j, 2*j - a - 6 = -2*a. Suppose 3*s - 4*t = 3, -j*s + 7 = 3*t - 4*t. What is the units digit of ((-24)/(-10))/(1/s)?
2
Let w(b) = 6*b**2 - 23*b + 19. What is the hundreds digit of w(8)?
2
Let p(l) = -l**2 - 5*l + 4. Let r be p(-5). Suppose -o = g - 3*o + 66, 2*o + 264 = -r*g. What is the units digit of (-12)/g + (-436)/(-22)?
0
Suppose 9*b - 8286 = 16041. What is the units digit of b?
3
Let n(a) be the second derivative of -a**6/120 + a**5/12 - 5*a**3/6 + 3*a**2/2 + 2*a. Let o(l) be the first derivative of n(l). What is the tens digit of o(4)?
1
Let b(v) = v**2 + 4*v - 24. What is the units digit of b(-8)?
8
Suppose 37*p - 44*p = -4249. What is the tens digit of p?
0
Suppose 4*j + 28 = 3*i, 0 = -2*i + 3*j + 20 - 0. Suppose -2*r - 4*k - 180 = -6*r, -2*r - i*k + 120 = 0. What is the tens digit of r?
5
Suppose -6*j + 8292 = 1434. What is the hundreds digit of j?
1
Let d = 237 + 138. Suppose -2*j = 4*x - 374, -2*j - 5*x + 2*x + d = 0. What is the hundreds digit of j?
1
Let p be 6/27 + 290/(-9). What is the tens digit of 4/(p/(-172))*2?
4
Suppose j + 3*j = 5*o - 9866, -5*o = 5*j - 9830. What is the thousands digit of o?
1
Suppose 0 = -5*q - c - 4, c = 5*q - c - 8. Suppose q = -4*j + v + 85, v = 3*v - 6. Suppose -2*u + 0*u = -j. What is the tens digit of u?
1
Suppose -1207 = -5*b - 262. Suppose -3*p + b = -963. What is the tens digit of 1/(p/(-129) + 3)?
4
Let h(r) = r - 1. Suppose 0*k = -k + 2. Let q be k + 0*(-1)/3. What is the units digit of h(q)?
1
Let d(j) = 1264*j**2 - 25*j - 1. What is the thousands digit of d(1)?
1
Suppose 0 = -4*r - 32 - 128. Let k = 67 + r. Suppose 21 - k = -3*m. What is the units digit of m?
2
Suppose 5*m = z + m - 311, -1507 = -5*z - 4*m. Suppose -4*n + z = -121. What is the hundreds digit of n?
1
Let c be ((-288)/(-56))/((-4)/(-14)). Suppose c*n - 26*n = -2056. What is the units digit of n?
7
Suppose -3*i + i - 8 = -2*g, 5*i + 12 = g. Suppose 5*v + a = 498, v - 3*a - 288 = -g*v. What is the units digit of v?
9
Let c = -28 + 68. Suppose -3*a = 2*t - 20, -3*t + 25 = -8*t. What is the tens digit of 4/a + 424/c?
1
Let m(n) = 23*n**2 + n + 2. Let c be (1*-3)/(12/8). Let k be m(c). Suppose 3*o + 2*r - k = -3*r, 4 = -2*r. What is the units digit of o?
4
What is the hundreds digit of 2733/15 - 92/(-115)?
1
What is the thousands digit of 0*1/4 - -2044?
2
Let h = 3 + 65. Suppose -r = -h + 8. What is the units digit of r?
0
Suppose 4*n + 1 = -4*j - 87, -2*n - 48 = 4*j. Let g = n + 101. Suppose -g - 67 = -4*p. What is the units digit of p?
7
What is the tens digit of ((-480)/(-32))/(3/15)?
7
Let l be (93 - -3)/(9/12). Let r = -77 + l. What is the tens digit of r?
5
Suppose 25291 = 32*y + 7627. What is the tens digit of y?
5
Let l(h) = 9*h + 12*h - 28*h + 13*h. What is the tens digit of l(4)?
2
Let y(c) = -c**3 - c**2 - c. Let v be y(0). Suppose -2*o + 11 + 3 = v. Suppose -3*g + 3*n = -12, 2*n - o*n + 15 = 0. What is the units digit of g?
7
Suppose -4*r + 3 + 13 = 0. Let j = 6 - r. Suppose 7*f - 25 = j*f, 2*q + 3*f = 73. What is the tens digit of q?
2
Let p(f) = f**2 - 7*f + 4. Let l be p(8). What is the tens digit of 652/l - (-2)/3?
5
Suppose -p = -3*l - 139 + 54, 3*l + 12 = 0. Suppose 2*n - p - 37 = 0. What is the units digit of (-10)/n + (-255)/(-11)?
3
Suppose 3*j - 5*v = 1528, -5*v + 20 + 0 = 0. Suppose -8*z + j = -2*z. What is the tens digit of z?
8
Let g(r) = 101*r**2 + r + 27. What is the hundreds digit of g(-6)?
6
Suppose 5*b - 2*b = 27. What is the units digit of b/((-9)/(-64)) + 1?
5
Let d = -24 - -24. Suppose d = -12*i - 401 + 1325. What is the units digit of i?
7
What is the hundreds digit of (-353750)/(-2264) + (-5)/4 + 1?
1
Suppose 3*c - 1 = -10, 3*r + 27 = -c. Let k = r - -9. What is the units digit of 32 + (2 + -2 - k)?
1
Suppose -2*o = -10, -g + 3*o = 8*o - 127. Suppose -4*u + 0*u - 105 = -3*h, -g = -3*h + 3*u. What is the units digit of h?
1
Suppose 4*y + 3*x + x = -4, -y + 3*x + 11 = 0. Suppose -y*u = -44 - 16. Suppose -5*w + 8*w - u = 0. What is the tens digit of w?
1
Let c be (-828)/24*(-4)/3. Let d be (-8)/6*(0 + -3). Suppose -3*j + 0*j = -i + 23, -2*i = d*j - c. What is the tens digit of i?
2
Suppose -28*g + 7650 = -4782. What is the tens digit of g?
4
Suppose 3030 = 2*b - 4*i, -b + 3*i = -6*b + 7614. What is the units digit of b?
1
Let t be 2 + 26/(-12) + 78/36. Suppose 0 = 4*h - 82 + t. What is the units digit of h?
0
Suppose -2*y + 388 = 1726. What is the hundreds digit of 4/((-24)/y)*2?
2
Let k = 456 - 252. Let v = k - 125. What is the units digit of v?
9
Let h(s) = s**3 - 2*s**2 + 5*s + 10. What is the tens digit of h(8)?
3
Let z = -277 + 723. What is the units digit of z?
6
Let a(m) = 3*m - 3 + 3 + 1 - 2. Let j be a(-1). What is the tens digit of j + (35 - (2 + -1))?
3
Let g = -3 + 12. Let u = 44 - g. What is the units digit of u?
5
Suppose 2*f - 855 - 2167 = 0. What is the thousands digit of f?
1
Suppose 20*g + 8997 - 35557 = 0. What is the tens digit of g?
2
Let h(k) = k**3 - 2*k + 1. Let y be h(2). Suppose 4*n + 18 = 2*r, -2*r - 18 = -y*r + 3*n. What is the tens digit of (r + -1)/((-1)/(-29))?
5
Suppose -556 = 3*b - 5*r + 3*r, -2*r - 180 = b. Let l = -75 - b. What is the hundreds digit of l?
1
Suppose -2*i - v + 11 = 0, 5*v - 22 = i - 0*i. Suppose i*u + 242 = r, -5*u - 24 = -4. What is the units digit of r?
0
What is the tens digit of (-18)/15 - 19/(95/(-2946))?
8
Let h = -10 - -8. Let c(p) = -2*p - 2. Let z be c(h). Suppose 26 = -n + z*n. What is the tens digit of n?
2
Let m(g) = g**2 + 8*g + 130. What is the tens digit of m(-15)?
3
Let w = 95 - 57. Let g = 9 - 28. Let u = g + w. What is the units digit of u?
9
Suppose 2*w + 3 - 29 = 0. Let z = 15 - w. Let i(j) = 13*j. What is the tens digit of i(z)?
2
Let q = 4670 + -2692. What is the units digit of q?
8
Let t(x) = 2*x**2 + 10*x + 1. Suppose 29 = -4*n - 3*r, -r - 2*r + 35 = -4*n. What is the tens digit of t(n)?
4
Suppose 59238 = -106*i + 124*i. What is the units digit of i?
1
Let s(f) be the third derivative of 0*f + 1/6*f**3 - 7/60*f**5 - 12*f**2 - 1/24*f**4 + 0 + 1/120*f**6. What is the units digit of s(8)?
7
Let f be 3 - ((-28)/(-2) - 1). What is the tens digit of (16/5)/(f/(-175))?
5
Suppose -4545 = -6*t + 2463. What is the thousands digit of t?
1
Suppose -2*k + 3*a + 153 = 0, 2*k - 42 = -2*a + 116. Let i = 209 - k. Suppose 0 = 2*v + 45 - i. What is the units digit of v?
3
Let h be 14/1 + -1 + 0. Suppose 5 = -n, 4*y - n = -0*y + 137. Let c = y - h. What is the units digit of c?
0
Let f = 47 - 44. What is the units digit of f/((-9)/3 - -4)?
3
Suppose -31*q - 28 = -33*q. What is the units digit of 4 - q/2 - -27?
4
Let j be (-7)/(28/(-16)) - -14. Let g = j - 16. What is the units digit of g?
2
Suppose -4641 = -3*h - o + 1877, -3*h + 2*o = -6521. What is the tens digit of h?
7
Let t(h) = h**3 + 7*h**2 - 9*h + 15. What is the tens digit of t(-7)?
7
Let c(r) = -r**3 + 4*r**2 - 5*r - 16. What is the hundreds digit of c(-5)?
2
Suppose 2*v - p - 26 = -6*p, -5*v - 2*p = -23. Suppose 0 = -v*t - 122 + 809. What is the units digit of t?
9
Suppose -2*b = 2*o - 14, -4*o - 13 = -5*o + 2*b. Let s be (-4)/(-2 - o/(-6)). Let m(r) = -r**2 + 10*r. What is the units digit of m(s)?
6
Let v(a) = -a**2 + 6*a - 5. Let s be v(4). Suppose 2*o - o + 4*d = 17, s*o - 3*d - 81 = 0. What is the tens digit of o?
2
Suppose 19*u = 21*u - 46. Let w = u + 73. What is the units digit of w?
6
Suppose 4*k - 8 = 0, -2*m + 3401 + 3047 = -5*k. What is the hundreds digit of m?
2
Let j(y) = y - 3. Let x be j(18). Suppose -2*z = z - x. Suppose 2*r + z*o - 62 = 0, 3*o - 1 - 30 = -r. What is the tens digit of r?
3
Let j(y) = -y**2 + 54 + 2*y + 8*y - 7*y. What is the tens digit of j(0)?
5
Let a = -1019 + 2321. What is the hundreds digit of a?
3
Let d(m) = m**2 + 5*m - 10. Let w be d(7). Let f = 123 - w. What is the tens digit of f?
4
Let s be 3 - (-2 + 3)*354/6. Let o = 167 + s. What is the units digit of o?
1
Let s be 13 + -22 + 2/(-2). What is the units digit of 96/s*210/(-28)?
2
Let v(u) = 0*u**2 - 3 + 3*u - 3*u**3 + 0*u - 2*u**2 + u**3. Let o be v(-3). Let k = o + -14. What is the tens digit of k